 10) in base 5?
2110
Convert -1 (base 11) to base 2.
-1
What is 116 (base 14) in base 4?
3120
-26 (base 9) to base 2
-11000
24 (base 5) to base 6
22
Convert -2 (base 8) to base 15.
-2
What is -178 (base 9) in base 6?
-412
-7a (base 11) to base 10
-87
125 (base 8) to base 4
1111
What is 10000 (base 2) in base 4?
100
What is 3 (base 11) in base 14?
3
What is -200 (base 8) in base 4?
-2000
What is -118 (base 13) in base 7?
-361
-11 (base 4) to base 14
-5
Convert 1 (base 14) to base 5.
1
What is -1 (base 7) in base 9?
-1
What is -1001 (base 2) in base 12?
-9
1332 (base 5) to base 11
188
-14 (base 5) to base 14
-9
23 (base 4) to base 15
b
What is 11 (base 2) in base 5?
3
-102 (base 5) to base 3
-1000
Convert 9 (base 15) to base 12.
9
What is -12 (base 5) in base 9?
-7
Convert -3a (base 14) to base 13.
-40
What is 2 (base 14) in base 3?
2
-1f (base 16) to base 5
-111
-10 (base 16) to base 14
-12
Convert -3 (base 12) to base 14.
-3
Convert -4 (base 6) to base 9.
-4
Convert -132 (base 4) to base 2.
-11110
Convert -25 (base 16) to base 12.
-31
22 (base 10) to base 4
112
Convert -5 (base 12) to base 13.
-5
-20 (base 3) to base 12
-6
What is 2 (base 4) in base 3?
2
Convert -11 (base 16) to base 11.
-16
-206 (base 8) to base 6
-342
What is 102 (base 4) in base 12?
16
Convert -4 (base 14) to base 11.
-4
500 (base 7) to base 8
365
Convert -1202 (base 5) to base 14.
-c9
What is -2 (base 5) in base 6?
-2
Convert -55 (base 6) to base 5.
-120
Convert -1 (base 2) to base 12.
-1
Convert 2 (base 9) to base 11.
2
What is -59 (base 12) in base 8?
-105
-127 (base 12) to base 4
-2233
What is 5 (base 7) in base 10?
5
What is -26 (base 11) in base 10?
-28
Convert -20001 (base 3) to base 4.
-2203
-1 (base 6) to base 13
-1
110110 (base 2) to base 6
130
Convert 301 (base 5) to base 15.
51
What is -1 (base 8) in base 12?
-1
Convert -32 (base 12) to base 6.
-102
What is -152 (base 6) in base 9?
-75
Convert 3 (base 12) to base 10.
3
-1c (base 15) to base 9
-30
What is c (base 15) in base 6?
20
What is -10111110 (base 2) in base 9?
-231
Convert -1 (base 13) to base 16.
-1
5 (base 14) to base 11
5
What is 11 (base 14) in base 2?
1111
-2 (base 11) to base 4
-2
2 (base 7) to base 6
2
Convert 2 (base 10) to base 3.
2
What is -2 (base 4) in base 15?
-2
-2200 (base 4) to base 14
-b6
Convert 24 (base 7) to base 4.
102
-2 (base 14) to base 10
-2
What is -3 (base 14) in base 4?
-3
What is 4 (base 5) in base 7?
4
Convert 43 (base 6) to base 13.
21
Convert -5 (base 8) to base 13.
-5
3 (base 7) to base 9
3
274 (base 9) to base 3
22111
-7 (base 15) to base 7
-10
What is -42 (base 6) in base 7?
-35
What is 0 (base 11) in base 14?
0
Convert -42 (base 10) to base 16.
-2a
Convert 123 (base 7) to base 8.
102
1212 (base 5) to base 16
b6
What is 100 (base 7) in base 2?
110001
-1 (base 16) to base 11
-1
Convert 6 (base 16) to base 9.
6
0 (base 2) to base 10
0
What is 3 (base 16) in base 3?
10
Convert -20 (base 4) to base 13.
-8
What is -14 (base 16) in base 15?
-15
Convert -9 (base 10) to base 7.
-12
Convert -21 (base 11) to base 13.
-1a
What is 20212 (base 3) in base 4?
2321
Convert -1001 (base 5) to base 8.
-176
What is 8 (base 13) in base 4?
20
8 (base 9) to base 14
8
0 (base 6) to base 15
0
What is -128 (base 13) in base 8?
-313
What is -3 (base 5) in base 6?
-3
-11 (base 3) to base 13
-4
What is 14 (base 6) in base 3?
101
What is 2 (base 9) in base 13?
2
232 (base 5) to base 3
2111
What is 87 (base 10) in base 16?
57
What is 413 (base 6) in base 7?
306
45 (base 7) to base 12
29
What is -110 (base 2) in base 5?
-11
Convert 23 (base 8) to base 2.
10011
Convert 1 (base 14) to base 2.
1
What is -9 (base 13) in base 10?
-9
Convert 104 (base 6) to base 4.
220
What is 10 (base 6) in base 9?
6
10 (base 11) to base 10
11
3 (base 11) to base 7
3
-3 (base 8) to base 3
-10
Convert 166 (base 9) to base 16.
8d
Convert 301 (base 6) to base 16.
6d
What is -21 (base 8) in base 15?
-12
-27 (base 10) to base 12
-23
c4 (base 13) to base 6
424
What is 0 (base 5) in base 3?
0
Convert -b (base 12) to base 9.
-12
What is -14 (base 5) in base 6?
-13
-b (base 14) to base 4
-23
What is 1 (base 5) in base 15?
1
What is 18 (base 10) in base 2?
10010
Convert 53 (base 16) to base 7.
146
Convert 10 (base 8) to base 7.
11
What is 0 (base 6) in base 15?
0
Convert 13 (base 6) to base 15.
9
-34 (base 7) to base 15
-1a
Convert 142 (base 8) to base 16.
62
Convert 55 (base 9) to base 8.
62
Convert -106 (base 11) to base 4.
-1333
Convert 2 (base 9) to base 16.
2
Convert -6 (base 16) to base 13.
-6
49 (base 16) to base 13
58
What is 110010 (base 2) in base 13?
3b
Convert -14 (base 8) to base 15.
-c
Convert -4 (base 6) to base 3.
-11
-1100 (base 2) to base 14
-c
1000 (base 2) to base 9
8
What is -10 (base 3) in base 10?
-3
What is -141 (base 6) in base 11?
-56
What is 51 (base 10) in base 15?
36
What is 15 (base 8) in base 6?
21
Convert 11 (base 9) to base 10.
10
What is -c (base 16) in base 2?
-1100
Convert 105 (base 10) to base 13.
81
Convert 55 (base 12) to base 14.
49
Convert -2 (base 13) to base 5.
-2
Convert -3 (base 11) to base 6.
-3
-11 (base 9) to base 14
-a
What is 3 (base 14) in base 4?
3
What is -21 (base 8) in base 6?
-25
What is 48 (base 13) in base 14?
44
-24 (base 16) to base 15
-26
3 (base 12) to base 14
3
What is 0 (base 5) in base 16?
0
What is 6 (base 14) in base 8?
6
Convert 1 (base 8) to base 2.
1
-300 (base 4) to base 11
-44
Convert 503 (base 6) to base 12.
133
-4 (base 12) to base 15
-4
Convert -2 (base 6) to base 8.
-2
Convert 1011 (base 2) to base 16.
b
What is -a (base 14) in base 10?
-10
Convert -4 (base 11) to base 9.
-4
What is 5 (base 12) in base 7?
5
What is -1 (base 15) in base 7?
-1
What is 8 (base 14) in base 8?
10
-137 (base 13) to base 6
-555
Convert 40 (base 9) to base 14.
28
Convert -11 (base 7) to base 6.
-12
Convert 3c (base 15) to base 6.
133
Convert 1023 (base 5) to base 10.
138
Convert -2 (base 10) to base 16.
-2
-2032 (base 4) to base 13
-ac
Convert -1c (base 15) to base 14.
-1d
221 (base 3) to base 2
11001
What is 9 (base 14) in base 6?
13
What is -3 (base 6) in base 11?
-3
What is -32 (base 5) in base 12?
-15
Convert 4 (base 9) to base 5.
4
Convert 173 (base 14) to base 5.
2142
Convert 2 (base 9) to base 4.
2
Convert -14 (base 6) to base 16.
-a
Convert -65 (base 11) to base 4.
-1013
Convert -1b (base 15) to base 10.
-26
Convert -14 (base 12) to base 3.
-121
-7 (base 14) to base 6
-11
114 (base 13) to base 12
136
-1 (base 14) to base 2
-1
-4 (base 7) to base 10
-4
3 (base 9) to base 3
10
What is -87 (base 16) in base 14?
-99
Convert 100 (base 9) to base 13.
63
1 (base 16) to base 12
1
5 (base 13) to base 12
5
What is 2 (base 5) in base 10?
2
Convert 1 (base 11) to base 9.
1
-2 (base 15) to base 5
-2
What is -12 (base 15) in base 5?
-32
24 (base 9) to base 3
211
1 (base 5) to base 15
1
What is -32 (base 14) in base 7?
-62
4 (base 14) to base 8
4
What is -103 (base 4) in base 10?
-19
32 (base 4) to base 3
112
Convert 90 (base 11) to base 16.
63
What is 95 (base 12) in base 8?
161
Convert -54 (base 14) to base 13.
-59
Convert 11 (base 11) to base 8.
14
0 (base 10) to base 11
0
-21 (base 13) to base 3
-1000
Convert -70 (base 12) to base 15.
-59
31 (base 15) to base 16
2e
What is -2 (base 6) in base 14?
-2
113 (base 4) to base 13
1a
Convert -26 (base 8) to base 2.
-10110
-1 (base 12) to base 3
-1
2 (base 12) to base 4
2
Convert 66 (base 12) to base 2.
1001110
-1 (base 10) to base 11
-1
-b (base 15) to base 6
-15
-1 (base 8) to base 3
-1
What is -21 (base 12) in base 13?
-1c
Convert -d2 (base 15) to base 5.
-1242
What is 223 (base 7) in base 2?
1110011
Convert -5 (base 9) to base 8.
-5
What is -4 (base 9) in base 3?
-11
What is -110 (base 10) in base 4?
-1232
6 (base 12) to base 4
12
What is -1210 (base 4) in base 13?
-79
Convert 270 (base 8) to base 11.
158
Convert 221 (base 7) to base 11.
a3
141 (base 5) to base 3
1201
-36 (base 9) to base 12
-29
-5 (base 14) to base 13
-5
Convert -a0 (base 12) to base 6.
-320
What is 1 (base 12) in base 14?
1
53 (base 7) to base 3
1102
What is -4b (base 12) in base 4?
-323
What is 0 (base 11) in base 10?
0
Convert 201 (base 11) to base 13.
159
What is -1 (base 2) in base 7?
-1
What is 0 (base 2) in base 16?
0
205 (base 9) to base 4
2213
Convert -d (base